2?
False
Is 564 a multiple of 45?
False
Is 16577 a multiple of 11?
True
Does 13 divide 2496?
True
Does 15 divide 5788?
False
Is 351 a multiple of 39?
True
Does 18 divide 6804?
True
Is 71 a factor of 1080?
False
Is 3646 a multiple of 51?
False
Is 88761 a multiple of 24?
False
Does 14 divide 2912?
True
Is 4 a factor of 1418?
False
Does 10 divide 205?
False
Is 33894 a multiple of 259?
False
Is 20 a factor of 1279?
False
Is 9 a factor of 2892?
False
Does 17 divide 770?
False
Is 7 a factor of 278?
False
Is 24832 a multiple of 32?
True
Is 13 a factor of 324?
False
Is 31 a factor of 829?
False
Does 5 divide 646?
False
Is 15 a factor of 33833?
False
Does 112 divide 120736?
True
Is 12864 a multiple of 128?
False
Is 111540 a multiple of 66?
True
Does 17 divide 697?
True
Does 9 divide 213?
False
Is 44 a factor of 1157?
False
Is 34 a factor of 47953?
False
Is 6782 a multiple of 39?
False
Does 24 divide 2640?
True
Is 15027 a multiple of 110?
False
Is 2 a factor of 50?
True
Is 1428 a multiple of 28?
True
Does 7 divide 2743?
False
Is 495 a multiple of 5?
True
Does 2 divide 222?
True
Does 3 divide 201?
True
Does 7 divide 1570?
False
Does 35 divide 1196?
False
Is 76538 a multiple of 11?
True
Is 125 a multiple of 15?
False
Is 5 a factor of 185?
True
Is 16 a factor of 636?
False
Is 510 a multiple of 15?
True
Is 2622 a multiple of 6?
True
Is 82 a factor of 24890?
False
Is 1368 a multiple of 33?
False
Is 15 a factor of 5925?
True
Is 7067 a multiple of 37?
True
Does 125 divide 4000?
True
Is 74 a multiple of 60?
False
Is 1634 a multiple of 35?
False
Is 73 a factor of 106?
False
Is 11 a factor of 16?
False
Is 405 a multiple of 12?
False
Does 5 divide 785?
True
Is 18 a factor of 721?
False
Is 5 a factor of 4665?
True
Does 34 divide 5100?
True
Does 20 divide 4300?
True
Is 11 a factor of 2937?
True
Is 47 a factor of 3619?
True
Is 51759 a multiple of 20?
False
Is 15 a factor of 1290?
True
Does 18 divide 15517?
False
Is 162 a multiple of 73?
False
Is 31 a factor of 3255?
True
Is 8 a factor of 636?
False
Is 1307 a multiple of 115?
False
Does 23 divide 31440?
False
Is 10 a factor of 590?
True
Is 12636 a multiple of 95?
False
Does 4 divide 772?
True
Is 8275 a multiple of 25?
True
Is 7248 a multiple of 167?
False
Does 18 divide 336?
False
Is 9698 a multiple of 23?
False
Is 69 a factor of 14490?
True
Does 37 divide 34447?
True
Is 21114 a multiple of 17?
True
Is 36 a factor of 684?
True
Is 64134 a multiple of 66?
False
Does 8 divide 309?
False
Does 16 divide 27?
False
Does 66 divide 13311?
False
Is 4032 a multiple of 23?
False
Is 7 a factor of 322?
True
Is 2 a factor of 94?
True
Does 3 divide 30?
True
Is 75 a factor of 25725?
True
Is 4356 a multiple of 12?
True
Is 46200 a multiple of 168?
True
Does 31 divide 949?
False
Does 40 divide 3196?
False
Does 6 divide 2784?
True
Is 5412 a multiple of 22?
True
Does 131 divide 79342?
False
Does 3 divide 399?
True
Does 2 divide 2150?
True
Is 58 a multiple of 4?
False
Is 435 a multiple of 3?
True
Is 31 a factor of 341?
True
Is 129 a multiple of 5?
False
Is 23 a factor of 66401?
True
Does 34 divide 828?
False
Is 3 a factor of 612?
True
Is 18 a factor of 18985?
False
Is 83 a factor of 1328?
True
Is 16 a factor of 5248?
True
Is 100 a factor of 16100?
True
Is 23 a factor of 18837?
True
Does 19 divide 13053?
True
Is 30 a factor of 1110?
True
Does 111 divide 12210?
True
Is 5084 a multiple of 124?
True
Is 18 a factor of 1143?
False
Is 3010 a multiple of 43?
True
Does 33 divide 222?
False
Is 193 a multiple of 9?
False
Is 53 a factor of 4611?
True
Does 28 divide 3198?
False
Does 10 divide 16566?
False
Is 3220 a multiple of 13?
False
Is 516 a multiple of 6?
True
Is 1088 a multiple of 8?
True
Does 180 divide 9900?
True
Does 17 divide 854?
False
Does 30 divide 3153?
False
Does 12 divide 2116?
False
Is 3363 a multiple of 59?
True
Is 20 a factor of 479?
False
Is 700 a multiple of 20?
True
Is 2 a factor of 123?
False
Does 34 divide 6596?
True
Is 17 a factor of 769?
False
Does 5 divide 40?
True
Does 12 divide 208?
False
Is 1581 a multiple of 119?
False
Is 5650 a multiple of 10?
True
Does 2 divide 92?
True
Does 39 divide 312?
True
Does 103 divide 131?
False
Is 100 a factor of 3100?
True
Is 150 a multiple of 50?
True
Is 31 a factor of 93?
True
Is 14 a factor of 2114?
True
Does 17 divide 10183?
True
Is 415 a multiple of 5?
True
Is 63507 a multiple of 26?
False
Is 7 a factor of 130?
False
Is 23133 a multiple of 94?
False
Is 7943 a multiple of 8?
False
Does 122 divide 26263?
False
Is 7 a factor of 246?
False
Is 26676 a multiple of 78?
True
Is 50 a factor of 79850?
True
Is 26 a factor of 11301?
False
Is 73 a factor of 34310?
True
Is 9810 a multiple of 15?
True
Is 2906 a multiple of 13?
False
Does 33 divide 1419?
True
Is 8 a factor of 176?
True
Is 79961 a multiple of 15?
False
Is 522 a multiple of 18?
True
Is 1236 a multiple of 27?
False
Is 60 a multiple of 10?
True
Is 8 a factor of 24?
True
Does 10 divide 1913?
False
Is 66067 a multiple of 79?
False
Is 6 a factor of 3894?
True
Is 70552 a multiple of 82?
False
Is 22 a factor of 3014?
True
Does 47 divide 9346?
False
Is 33 a factor of 15609?
True
Does 69 divide 9246?
True
Is 55 a factor of 41785?
False
Does 466 divide 71764?
True
Is 15711 a multiple of 12?
False
Is 6 a factor of 48?
True
Is 26922 a multiple of 17?
False
Is 85 a factor of 6630?
True
Is 518 a multiple of 60?
False
Is 27342 a multiple of 98?
True
Is 19 a factor of 6681?
False
Does 11 divide 8195?
True
Is 10 a factor of 33480?
True
Is 418 a multiple of 7?
False
Does 3 divide 1712?
False
Does 76 divide 35040?
False
Is 44932 a multiple of 47?
True
Is 704 a multiple of 32?
True
Is 88 a multiple of 8?
True
Is 2285 a multiple of 56?
False
Is 1878 a multiple of 14?
False
Is 28 a multiple of 7?
True
Does 211 divide 3587?
True
Does 8 divide 2312?
True
Is 135 a factor of 1407?
False
Is 75 a factor of 28460?
False
Does 42 divide 1233?
False
Is 4 a factor of 188?
True
Does 33 divide 164?
False
Is 175 a factor of 8502?
False
Is 28 a factor of 1344?
True
Does 2 divide 266?
True
Is 31 a factor of 23157?
True
Does 13 divide 3374?
False
Does 37 divide 682?
False
Is 34020 a multiple of 27?
True
Is 22 a factor of 111?
False
Is 1295 a multiple of 35?
True
Is 310 a factor of 56511?
False
Is 4000 a multiple of 100?
True
Does 70 divide 4550?
True
Is 56 a factor of 10752?
True
Is 17460 a multiple of 90?
True
Is 60 a factor of 17079?
False
Is 1149 a multiple of 9?
False
Does 7 divide 1183?
True
Does 24 divide 8979?
False
Does 4 divide 932?
True
Does 38 divide 7137?
False
Is 11 a factor of 1562?
True
Is 512 a multiple of 16?
True
Is 31 a factor of 5735?
True
Does 17 divide 13940?
True
Does 36 divide 828?
True
Does 11 divide 23639?
True
Is 1632 a multiple of 12?
True
Is 1688 a multiple of 35?
False
Is 22 a factor of 36872?
True
Is 21 a factor of 1869?
True
Is 38300 a multiple of 16?
False
Is 7 a factor of 4832?
False
Is 2245 a multiple of 30?
False
Does 5 divide 955?
True
Is 80 a factor of 10132?
False
Is 51188 a multiple of 176?
False
Is 53 a factor of 5830?
True
Is 62 a factor of 977?
False
Does 14 divide 350?
True
Is 17 a factor of 18201?
False
Does 61 divide 96335?
False
Is 11713 a multiple of 20?
False
Is 1099 a multiple of 91?
False
Does 12 divide 20769?
False
Is 102 a factor of 5202?
True
Is 122 a factor of 46306?
False
Does 35 divide 3594?
False
Is 116 a factor of 4408?
True
Is 46 a factor of 17606?
False
Is 8 a factor of 23449?
False
Does 7 divide 5515?
False
Is 893 a multiple of 19?
True
Is 596 a multiple of 72?
False
Does 171 divide 6156?
True
Is 13 a factor of 967?
False
Is 84 a factor of 29022?
False
Is 870 a multiple of 3?
True
Is 928 a multiple of 8?
True
Does 8 divide 1608?
True
Is 19 a factor of 134959?
False
Is 792 a multiple of 44?
True
Is 15 a factor of 3973?
False
Is 11 a factor of 1098?
False
Does 105 divide 8986?
False
Is 67632 a multiple of 408?
False
Is 4335 a multiple of 51?
True
Does 5 divide 570?
True
Is 1305 a multiple of 29?
True
Is 8599 a multiple of 18?
False
Does 63 divide 3024?
True
Does 12 divide 332?
False
Is 5 a factor of 155?
True
Does 37 divide 20128?
True
Does 24 divide 2176?
False
Is 1020 a multiple of 15?
True
Is 3025 a multiple of 11?
True
Does 31 divide 2970?
False
Is 14 a factor of 574?
True
Does 12 divide 164?
False
Is 11 a fac